he tens digit of x?
1
Let k = -96 - -156. Let s = 100 - k. What is the tens digit of s?
4
Let s(n) = -n + 7. Let g = -23 + 13. Let t = -16 - g. What is the tens digit of s(t)?
1
Suppose -534 = -12*o + 126. Suppose -199 = -x - o. What is the hundreds digit of x?
1
Let z(r) = -41*r. Let s be z(1). Let v = 13 - s. What is the tens digit of v?
5
Let w(v) = 4*v**2 - 63*v + 37. What is the tens digit of w(16)?
5
What is the thousands digit of 1 + 1 + 0 + (-281014)/(-149)?
1
What is the hundreds digit of (37*(-3)/2)/((-300)/1400)?
2
Let z = 49 + -51. What is the units digit of 1/z*(-136 + 2)?
7
Suppose -7*h - 24 = -164. Suppose 5*w + 5 = 0, h + 35 = v + w. What is the units digit of v?
6
Suppose 5*p - 32 + 12 = 0. Suppose -20 = -p*m + 9*m. What is the units digit of m/14 + 615/21?
9
Let l = -13 - -23. Suppose -l = -2*o - 3*o. Suppose -o*p + 3*p = -g + 48, 5*p + 2*g = 228. What is the units digit of p?
4
Suppose i - 2683 = -4*i + 2*f, 5*f - 2153 = -4*i. What is the tens digit of i?
3
Suppose 100*k - 108*k + 8496 = 0. What is the thousands digit of k?
1
Suppose -5*o = -9 - 16. Let r be (-286)/(-3) - 4/(-6). Suppose o*s = s + r. What is the units digit of s?
4
Let l be (-3)/5 - 6/(-10). Suppose 0*y = 2*y - 2*g - 86, l = -3*g + 12. What is the tens digit of y?
4
Let w(j) = -j**3 - 22*j**2 - 21*j + 20. Suppose -a - 16 - 5 = 0. What is the units digit of w(a)?
0
Suppose 7 = 3*r - 8. Suppose 4*o + 3 = r*s - 9, 4*s - o - 14 = 0. Suppose 0 = -j - 2*d + 15 + 4, 0 = -j - 5*d + s. What is the tens digit of j?
2
What is the units digit of ((-40)/(-10 - -6))/2?
5
Let q = -30 + 19. Let r = 9 - q. What is the units digit of 2 + (r/4 - 2)?
5
Let s(u) = -98*u**3 - 2*u**2 - 2*u - 1. Suppose 10 = 5*z, -4*y = -3*z + 7 + 3. Let x be s(y). What is the units digit of 14/21 - x/(-3)?
3
What is the tens digit of (-6)/(-5)*(12261/9 + 1)?
3
Let l(f) = -f**3 + 1. Let a(j) = 245*j**3 - j**2 - 3*j + 1. Let u(r) = a(r) + 2*l(r). What is the tens digit of u(1)?
4
Let v = 336 - 270. What is the units digit of v?
6
Suppose 2376 = 76*l + 12*l. What is the tens digit of l?
2
Let l = 7 - 0. Let b be (-1)/3 + (-850)/(-30). Let q = l + b. What is the tens digit of q?
3
Suppose 2*o = 3*o + 116. What is the tens digit of 3/(-9)*(o + 2)?
3
Let q(k) = -2*k - 4. Let z be q(-4). Suppose -30*r = -27*r. Suppose 2*x = -5*n + x + 144, r = 4*n + z*x - 128. What is the tens digit of n?
2
Suppose -j - 3 = 2, -3*j - 13 = -2*m. What is the tens digit of (-3 + m - -3)*-201?
0
Suppose 2*c = 1663 - 391. What is the tens digit of c?
3
Let v(o) = -o**2 + 7*o - 6. Let n be v(6). Suppose 0 = -p - 0*p - 5*i + 65, n = 2*p - 3*i - 143. What is the units digit of p?
0
Suppose -57*c + 31542 = -43*c. What is the tens digit of c?
5
What is the tens digit of -4 + -4 + 13 + 1931?
3
Let r be (-54)/(-4) - 2/4. Let n(m) = m**2 + 2*m + 3. Let z(l) = -2*l**2 - 4*l - 6. Let p(h) = r*n(h) + 6*z(h). What is the units digit of p(-5)?
8
Let i(m) = m**2 - 10*m - 12. Let o = -4 - -8. Suppose 65 = z + o*z + 4*j, -j - 13 = -z. What is the units digit of i(z)?
7
Let q be -2 - 2/2*-47. Suppose h - 4*h = -q. Let p(n) = -n**3 + 15*n**2 + 4*n - 17. What is the units digit of p(h)?
3
Let a = 74 + -48. Let p = a - 22. Suppose -3*t + 245 = 2*t - p*d, 0 = t - 5*d - 49. What is the units digit of t?
9
Let o = 17 + -41. What is the tens digit of (-2000)/o - 2/(-3)?
8
Let w(k) = 2*k**2 - 42*k + 9. What is the tens digit of w(24)?
5
Let l(z) = z**2 + 10*z + 6. Let d = -31 + 22. Let f be l(d). What is the units digit of -1 - (-13 + -2 - f)?
1
Suppose -16*z + 5962 = -5*z. What is the hundreds digit of z?
5
Let y be -1 - (7 + -198 - 3*-1). Let g = 268 - y. What is the tens digit of g?
8
Let n be (-1)/(33/(-15) + 2). Suppose -n*c = 4*v - 99, -c + 33 = v + 3*c. What is the units digit of v?
1
Let n(k) be the second derivative of -k**4/12 + 5*k**3/2 + 9*k**2/2 + 3*k. Let q be n(15). What is the tens digit of (-19 + -2)/(8 - q)?
2
Suppose -25*z + 100440 = 15*z. What is the units digit of z?
1
Let g(i) = -5*i + 30. Let x = -39 - -19. What is the units digit of g(x)?
0
Suppose 3*a - 1911 = 4*n, -24*a + 19*a + 3*n + 3185 = 0. What is the tens digit of a?
3
Let q be ((-48)/(-10))/((-16)/(-160)). Suppose 9*t - q = 5*t. What is the tens digit of t?
1
Suppose -3*y + 0*y - 2*l = -40, y + 4*l - 20 = 0. Let p(d) = -d**2 + 16*d + 13. What is the tens digit of p(y)?
6
Let d(s) = s - 12. Let v be d(11). Let w(p) be the first derivative of -31*p**2/2 - p - 1. What is the units digit of w(v)?
0
Suppose 49*j = 43*j + 3882. What is the units digit of j?
7
Let r be (4 - -3) + (-6 - -2). What is the units digit of 1 - (-6*r/6 - 8)?
2
Let t(b) = -2*b**2 + 3*b + 26. Let v be t(4). Let a(c) = 6 + 0*c**3 + 7*c**2 - c**3 + 6. What is the tens digit of a(v)?
4
Let i = 57 + -46. Suppose 0 = i*v - 3274 + 1305. What is the units digit of v?
9
Suppose 4*k = -k + 4*q + 21, 4*k = 2*q + 18. Let n(c) = 4*c**3 - 2*c**2 + 3*c. Let w be n(2). Suppose -k*a = w - 325. What is the units digit of a?
9
What is the tens digit of (-12)/4 + 23/(115/22000)?
9
Let u = -11 + 13. Suppose 0*q - u*q + 184 = 2*v, -3*v - 4*q = -281. What is the units digit of v?
7
Suppose -5*i - 2180 = -5*d, 2*i - 892 = -2*d - i. Suppose d = -22*p + 27*p. What is the units digit of p?
8
Let g = 7 - -6. Suppose 3*i - p = 4, -33 = -i + 5*p - g. Suppose i = 5*r - 113 - 32. What is the tens digit of r?
2
Let d = 17 + -15. What is the hundreds digit of -12*d/(24/(-147))?
1
Let s be 8/6*45/10. Let x = -7 - s. What is the units digit of (-2)/13 - 93/x?
7
Suppose 4*x + 4*z - 2*z = 200, -5*z - 124 = -2*x. Suppose 14*t + x = 15*t. What is the tens digit of t?
5
Suppose y = 5*i - 383, -2*i - 71 = -3*i + 3*y. What is the units digit of i?
7
Let m be ((-4)/(-8) + 3)*2. Suppose 1 = k + m. What is the units digit of k/(-9) - (-25)/3?
9
Let q = 54 + -46. Let w(b) = b**2 + 7*b - 14. What is the units digit of w(q)?
6
Suppose 3*i = 22 - 4. Suppose 0 = 2*t - i*t + 8. What is the units digit of (-10)/(-2) - (t - 1)?
4
Let j(y) = 25*y**2 + 3*y - 1. What is the hundreds digit of j(-3)?
2
Let w(j) = -j**3 + 3*j**2 + j - 1. Let p be w(-1). Suppose -3*b + 372 = -4*m + m, -p*b + m + 244 = 0. Suppose -d + b = 4*d. What is the units digit of d?
4
Let z = 59 - 62. What is the units digit of (8320/(-15))/(-8)*z/(-1)?
8
Suppose -5*s + 4*g + 4660 = 3*g, -2*g + 1864 = 2*s. What is the units digit of s?
2
Suppose 2*c + 107 + 35 = 0. Let d be (2 + -3)*c/1. Suppose 3*z = -5*y + d + 21, 0 = -2*y - 10. What is the tens digit of z?
3
Let a be (-58)/(-5) + (-9)/15. Suppose i = a + 1. What is the tens digit of i?
1
Let m be 6/12 - (-3)/2. Let u(f) = 4*f - 3. Let o be u(m). Suppose 2*c - 5*c - 2*w = -6, -2*c + 4 = o*w. What is the units digit of c?
2
Suppose 0 = -5*t + 100 + 225. Let w = -78 + 83. Suppose -t = w*x - 10*x. What is the tens digit of x?
1
Let k = 863 - -523. What is the tens digit of k?
8
Suppose 48 = 6*u - 2*u. Suppose 12*w - u = 2160. What is the tens digit of w?
8
Let t(h) = 2*h + 28. Let c be t(27). Let j = 216 - c. What is the units digit of j?
4
Let r = 9 + -6. Suppose -2*y - b = -155, r*y - 246 = b + 2*b. What is the tens digit of y?
7
What is the hundreds digit of 4/(-8)*(37 - 3519)?
7
Suppose -15 = 4*b - w - 158, -175 = -5*b + 5*w. What is the tens digit of b?
3
Let y be (-5 - -55)*132/15. Suppose 24*a + y = 28*a. What is the units digit of a?
0
Suppose 0 = -2*r - 2*q + 18, -3*q + 5 = 5*r - 30. Suppose -r*m + 161 = -259. What is the hundreds digit of m?
1
Let x(u) = -8*u + 83. Let p be x(10). Suppose -4*c + p*v = -483, 4*c + 2*v = 6*v + 488. What is the tens digit of c?
1
Suppose 0 = -2*u - 4*u + 234. Let i = 104 - u. What is the tens digit of i?
6
Let w = 241 - -578. What is the units digit of w?
9
Let d be 1 - -103 - (8 - 4). Let g = d - 42. What is the tens digit of g?
5
Let k be (-9 + -403)/(4/2). Let m = 488 + k. What is the units digit of m?
2
Let r(i) = -3*i**2 + 3*i - 3. Let p(f) = -f + 1. Let c(s) = -3*p(s) - r(s). Let z be -9*(15/9 - 2). What is the units digit of c(z)?
7
What is the units digit of 562/(2/(-5)*(-15)/24)?
8
Suppose -4*o + 2*c + 3024 = 0, -2*o - 5*c = -4*c - 1516. What is the units digit of o?
7
Let h = -27 + 101. Suppose 3*o - 96 = -3*z, 4*z - z = 2*o - h. Suppose -6*l + o = -l - 4*i, -3*i - 3 = 0. What is th